716135483 a composite number?
False
Is 3363073751 a composite number?
True
Is 3796383413 a composite number?
True
Is 21257072563 a prime number?
True
Is 477999353945 a prime number?
False
Is 1347881861 a prime number?
False
Is 862480811 prime?
True
Is 1079583247 a composite number?
True
Is 5315438707 a composite number?
False
Is 8317704319 a prime number?
True
Is 99434477017 a prime number?
True
Is 1692335431 a composite number?
True
Is 2998376987 a prime number?
True
Is 2744452573 prime?
True
Is 2287920031 a composite number?
False
Is 8637575647 prime?
True
Is 3515710001 a prime number?
False
Is 27115263671 a composite number?
True
Is 666134081 a composite number?
False
Is 37477896343 prime?
True
Is 22488275881 a prime number?
False
Is 27476664881 a prime number?
False
Is 150636733985 a prime number?
False
Is 679251739 a prime number?
True
Is 199604155 a composite number?
True
Is 27400267937 prime?
False
Is 6409561673 a prime number?
True
Is 24701666771 a prime number?
True
Is 28504721669 composite?
True
Is 3887450207 a composite number?
False
Is 391826327 composite?
True
Is 189646372859 prime?
True
Is 186141523291 prime?
True
Is 510360391 composite?
False
Is 138367277 prime?
False
Is 2673388931 a composite number?
False
Is 13785641741 a composite number?
False
Is 26943500435 a prime number?
False
Is 675206843 a composite number?
False
Is 14886972169 composite?
True
Is 308223523 a prime number?
False
Is 8719967381 prime?
True
Is 1109118319 composite?
False
Is 831364207 a prime number?
False
Is 9458739223 prime?
False
Is 1927671833 composite?
True
Is 2148028511 composite?
True
Is 112528318835 a composite number?
True
Is 2695284143 a prime number?
False
Is 52721421229 a composite number?
True
Is 60153059 prime?
True
Is 189142111 a composite number?
True
Is 310810057 a composite number?
False
Is 21350928409 a composite number?
True
Is 29673865777 composite?
True
Is 36182353309 prime?
True
Is 2103935602 composite?
True
Is 52027636205 prime?
False
Is 888059017 composite?
True
Is 14358323818 prime?
False
Is 567992309 prime?
False
Is 3215234761 composite?
True
Is 1248010339 prime?
True
Is 4901963399 a composite number?
True
Is 231195253 composite?
True
Is 166228367 a prime number?
False
Is 29331921869 composite?
True
Is 113618858497 composite?
False
Is 855382573 a composite number?
False
Is 8643122647 prime?
True
Is 9144210473 prime?
True
Is 6018324023 a composite number?
False
Is 6975314293 a prime number?
True
Is 1309515839 a composite number?
False
Is 3717194543 a prime number?
True
Is 11409383273 a composite number?
False
Is 669959987 composite?
True
Is 6834812989 a composite number?
True
Is 230935349 a prime number?
True
Is 530930161 prime?
False
Is 9317247503 prime?
True
Is 404596459 prime?
False
Is 787745789 a prime number?
False
Is 238893821 prime?
False
Is 21801165847 composite?
False
Is 22430075887 prime?
False
Is 4351636001 prime?
False
Is 9141522151 a composite number?
True
Is 205552097 a prime number?
True
Is 2978086801 composite?
True
Is 4532726569 prime?
False
Is 10320724801 composite?
True
Is 22781426741 composite?
True
Is 1944653917 composite?
True
Is 45245860879 prime?
False
Is 1679072357 prime?
True
Is 2143193047 a prime number?
True
Is 1883023729 a composite number?
True
Is 418910903 composite?
False
Is 1066300863 composite?
True
Is 12745777351 prime?
False
Is 1470687767 a prime number?
True
Is 106850620367 prime?
True
Is 26991101141 prime?
False
Is 40755637 composite?
True
Is 101452987429 a composite number?
True
Is 1282805969 prime?
True
Is 1738772501 composite?
False
Is 627769001 a composite number?
True
Is 694750799 composite?
False
Is 66652153 composite?
True
Is 61931278789 a prime number?
True
Is 4485533113 composite?
True
Is 329695441 a prime number?
True
Is 2805963929 a prime number?
True
Is 1333869067 prime?
False
Is 2314002619 composite?
False
Is 10302295687 composite?
False
Is 290318087615 a composite number?
True
Is 1881379607 composite?
False
Is 3015775837 composite?
False
Is 12597325831 a prime number?
False
Is 27739505 composite?
True
Is 2866270529 a prime number?
False
Is 666916357 a prime number?
True
Is 937000609 prime?
True
Is 130657171 a composite number?
False
Is 7562677253 prime?
False
Is 230536851187 a prime number?
True
Is 537440009 a composite number?
True
Is 7520197253 prime?
True
Is 27684542185 a prime number?
False
Is 104868624001 a prime number?
True
Is 311133047 a composite number?
True
Is 633797423 a composite number?
True
Is 12971541257 composite?
False
Is 2295729043 a composite number?
False
Is 1196649151 a prime number?
False
Is 1992373291 prime?
False
Is 38086721207 composite?
False
Is 341417689 a prime number?
True
Is 9959457271 prime?
True
Is 705277346 prime?
False
Is 3667647803 a composite number?
False
Is 27624656863 a composite number?
False
Is 2296055689 a composite number?
False
Is 552686821 composite?
False
Is 3584504551 a prime number?
True
Is 256826239 a prime number?
True
Is 689317931 a prime number?
False
Is 357995417 a prime number?
False
Is 5926065557 prime?
True
Is 25448148371 composite?
False
Is 1150497793 composite?
False
Is 361277942 a prime number?
False
Is 1785766831 prime?
True
Is 18294280139 a prime number?
False
Is 58733651057 a prime number?
False
Is 2752071769 prime?
True
Is 1641450697 a prime number?
True
Is 79173379 a prime number?
True
Is 5276608721 composite?
False
Is 3784987937 prime?
False
Is 10338005515 prime?
False
Is 1012504849 a composite number?
False
Is 222411401 prime?
False
Is 3102579517 a composite number?
False
Is 65497333 a composite number?
True
Is 22092160847 prime?
False
Is 3283507043 prime?
True
Is 916686761 prime?
True
Is 11967339101 a composite number?
True
Is 57621356243 a prime number?
False
Is 46825111 a composite number?
True
Is 16591693451 composite?
False
Is 1476521183 prime?
False
Is 7489156333 a prime number?
False
Is 6686799023 a prime number?
False
Is 701024405 a prime number?
False
Is 7110977249 a composite number?
False
Is 9717932881 composite?
True
Is 447053683 prime?
True
Is 30278582249 a composite number?
False
Is 9195029881 composite?
True
Is 479466959 prime?
True
Is 2052803021 prime?
False
Is 1733859167 prime?
True
Is 880366297 a composite number?
False
Is 2844984554 prime?
False
Is 1312910777 a composite number?
True
Is 820081243 composite?
True
Is 140645930819 prime?
True
Is 804824509 prime?
False
Is 10375112401 composite?
False
Is 4668431447 a composite number?
False
Is 11337022699 composite?
False
Is 31571900683 composite?
False
Is 2682222341 a composite number?
False
Is 1845788291 a composite number?
True
Is 10977390071 prime?
True
Is 30907115945 composite?
True
Is 56579608289 composite?
True
Is 6626135389 prime?
False
Is 7865077049 a composite number?
False
Is 1868720417 composite?
False
Is 1751808427 a prime number?
False
Is 1864095671 composite?
False
Is 15243366163 composite?
True
Is 15134046883 a prime number?
True
Is 47103956479 composite?
True
Is 74384902703 a composite number?
False
Is 16659339143 prime?
False
Is 712191089 prime?
False
Is 45441220003 a prime number?
True
Is 1197732343 a prime number?
False
Is 31800294607 composite?
True
Is 1503067859 prime?
True
Is 23160083719 composite?
False
Is 20584405109 a composite number?
True
Is 598968187 prime?
True
Is 1649163361 prime?
True
Is 77148327083 a composite number?
False
Is 21266911433 a prime number?
True
Is 8477318969 a prime number?
False
Is 690719063 a prime number?
True
Is 3742993717 a prime number?
False
Is 3798968711 a prime number?
True
Is 4245639601 composite?
True
Is 3656004607 prime?
False
Is 17290043587 prime?
True
Is 337333345 composite?
True
Is 5589005953 a composite number?
True
Is 1137658681 prime?
True
Is 6408249649 composite?
False
Is 104057725667 a composite number?
True
Is 3125904047 a prime number?
False
Is 1419258713 a prime number?
False
Is 405982673 composite?
False
Is 121551118511 a composite number?
True
Is 1404451721 a prime number?
False
Is 123993144343 a prime number?
False
Is 1743038431 a prime number?
True
Is 3289636039 a prime number?
True
Is 165467453 prime?
False
Is 5227833431 a prime number?
True
Is 8935134583 prime?
False
Is 55348629829 prime?
False
Is 7797337451 prime?
True
Is 7991195909 a composite number?
True
Is 334781686 